-v - 4. Let b = u - v. What is the units digit of b?
6
Let a = 11 - 25. Let r = 16 + a. Suppose -r*s = -5*h - 91, -3*s + 2*s + 18 = 3*h. What is the tens digit of s?
3
Let m(y) = 2*y**2 - 2*y - 10. Let s be m(5). Let k = s - 29. What is the hundreds digit of (0 + k/3)/(72/45792)?
2
Let n = -76 - -76. Let y be 19182/(-30) + (3/(-5) - n). What is the units digit of (-4)/(y/(-324) - 2)?
2
Let i(u) = u**3 - 6*u**2 + 11*u - 4. Let q be i(3). Let p = -2532 - -564. What is the tens digit of q/7 - (p/21 + -2)?
9
Let b(s) = s**3 - 5*s**2 - 10*s - 8 + 0*s**3 + 7. Let d be -14*(-2)/1*12/48. What is the units digit of b(d)?
7
Let l be -81 + 4 - (-2 + 5). Let j = l + 47. Let k = j - -149. What is the hundreds digit of k?
1
Suppose 2*z + 4*a = 0, -45 = -z - 2*z + 3*a. What is the tens digit of ((-2)/z)/(7/(-10115))?
8
Let o = 737 - 425. Let z = o - 188. What is the hundreds digit of z?
1
Let l(r) = 10*r + 30. Let x be l(24). Let v = -203 + x. What is the tens digit of v?
6
Suppose -21 = 2*c - 5*r, -2*c + 2*r - 5 = 1. Let f be 2/6 - 34/(-6). Suppose -k - 3*d = -96, -f*d + c*d = 4*k - 400. What is the hundreds digit of k?
1
Suppose 19*j - 5 = 33. Suppose j*q - 401 - 121 = 0. What is the units digit of q?
1
Let v = -3802 - -7779. What is the hundreds digit of v?
9
Suppose 592 = 2*y + 4*o, -5*y + 0*o + 1425 = -o. Suppose 0 = 289*k - y*k - 3312. What is the thousands digit of k?
1
Let g = 3303 + -3318. Let y = -14 - -9. What is the units digit of 82 + y/g*-3?
1
Suppose 5*g - 7 = -3*m, 0 = m + 3*g - 3 + 2. Let h be (m/(-6))/(2/6). What is the tens digit of (h*5/20)/(1/(-82))?
4
Let t = -411 + 158. What is the hundreds digit of -44 - -36 - (t + -1)?
2
Let c = -58410 - -82779. What is the tens digit of c?
6
Let h = -375 - -2132. What is the thousands digit of h?
1
Suppose 5*x - 3*t = 1707, -x + 4*x - 4*t - 1022 = 0. Suppose -3*g - 3*o = -210, x = g + 4*g + o. What is the units digit of g?
8
What is the thousands digit of 98*(-6 - 208/(-8))?
1
Let s = 299 + -1. Suppose 3*u = 3*a + 4*u - s, 3*a + 5*u - 302 = 0. Suppose 5*n - 3*t - a = 277, -216 = -3*n + 5*t. What is the tens digit of n?
7
Let d(n) = -n + 2. Let t be d(-23). Suppose 5842 = t*b - 2*b. What is the units digit of b?
4
What is the ten thousands digit of 8426253/665 - 8/140?
1
Let i = 96323 + -38434. What is the units digit of i?
9
Suppose -29*d - 37*d = -32*d - 473552. What is the thousands digit of d?
3
Suppose 6*w + 564 = -450. Let m = w + 215. What is the tens digit of m?
4
Suppose 0 = 2*m + 8 - 0. What is the tens digit of -12*((-305)/(-10))/(6/m)?
4
Suppose 47 - 48 = -a. What is the hundreds digit of ((-2232)/(-16))/(4/(-8) + a)?
2
Let x = -32480 + 95879. What is the hundreds digit of x?
3
What is the ten thousands digit of (2390/4)/(183/7686)?
2
Suppose 5*r + 186 = 236. What is the units digit of (r/25)/((-1)/8)*-410?
2
Let c be 28/6*(-5 - (14 + -28)). Let g(s) = 2*s**2 - 64*s + 76. What is the hundreds digit of g(c)?
9
Suppose q = -2*f - 2*f + 5460, -q + 5*f = -5433. What is the thousands digit of q?
5
Suppose -2*m - 9478 = -4*h, 5*h - 2*m = -5*m + 11853. Suppose 44*n + h = 46*n. What is the units digit of n?
5
Suppose -2581 = 5*h - i, -100*h - 2*i = -96*h + 2076. Let l = h - -771. What is the hundreds digit of l?
2
Let n = 32152 + 18120. What is the ten thousands digit of n?
5
Suppose 21 = -k - 11. Let l(p) = 4*p + 2. Let n be l(1). Let r = n - k. What is the tens digit of r?
3
Let u = -36913 + 110492. What is the thousands digit of u?
3
Suppose 4*y - 3*m - 3 = 14, m = 2*y - 9. Suppose -4*f + y*i = -2431, -1 = -3*i + 14. What is the tens digit of f?
1
Let j = -5929 - -5788. Suppose -8 = -2*r, -6*u - 5*r - 835 = -3*u. Let z = j - u. What is the tens digit of z?
4
Let m(j) = 10*j - j**2 + 0*j**2 - 17 - 24*j. Let s(h) = -h - 27. Let o be s(-17). What is the tens digit of m(o)?
2
Let s(d) = -d**2 - 2*d + 67. Let v(i) = -3*i + 68. Let k(y) = -3*s(y) + 2*v(y). What is the units digit of k(7)?
2
Let n(p) be the second derivative of 5*p**4/8 - 14*p**3/3 - 20*p**2 - 42*p. Let t(s) be the first derivative of n(s). What is the units digit of t(12)?
2
Suppose -5*s - 3*y + 1322 = 0, 0 = 4*s + y + 213 - 1272. Suppose 5*z = -3*h + s, z + 99 = h - 0*z. What is the tens digit of h?
9
Let x = -238 - -240. Suppose 1552 = 11*t - 10*t - 3*m, 7845 = 5*t + x*m. What is the hundreds digit of t?
5
Let x(r) = r**3 - 14*r**2 + 4*r - 53. Let w be x(14). Suppose 2*b + 18 = 5*b. Suppose w*q = b*q - 420. What is the tens digit of q?
4
Suppose -124*x = -36*x + 56516 - 344892. What is the units digit of x?
7
Let d(r) = -44*r**2 + 1 + 49*r**2 + 17*r - 25*r. What is the tens digit of d(-8)?
8
Let h(q) = -q**3 - 44*q**2 - 141*q + 48. Let a be h(-45). Suppose -a = -24*s + s. What is the hundreds digit of s?
3
Let z = 84 - -274. Suppose 422 = 5*w + 4*l - 1363, -w = l - z. Let d = w + -216. What is the hundreds digit of d?
1
Suppose 20*g = -60 - 300. What is the units digit of 221 - g/(-30)*5?
8
What is the hundreds digit of 2 - (8 - (12 - -11775))?
7
Let o(l) = l**3 - 105*l**2 - 640*l + 6. What is the ten thousands digit of o(112)?
1
Let f = 941 + -945. What is the hundreds digit of (-3)/f + 216811/188?
1
Let y(z) = 3792*z**2 - 66*z - 137. What is the ten thousands digit of y(-2)?
1
Let o be (299670/5)/((-2)/4*2). What is the tens digit of (o/77)/(-2) - 4/22?
8
Let k(y) = -y**3 + 20*y**2 + 14*y - 64. Let f be k(19). Let g = f - 162. What is the hundreds digit of g?
4
Suppose 21*y = 19*y + 3406. Let a be (y/(-13))/((-2)/4 + 1). Let l = a + 476. What is the tens digit of l?
1
Suppose -46*m + 43*m = -18. What is the units digit of (-1 - -6 - m) + 1101?
0
Let w = -62526 + 89355. What is the units digit of w?
9
Let g be (2/(-12))/((-455)/(-30) - 15). Let n(u) = -5*u + u - 2*u - 2 + 2*u + 237*u**2. What is the hundreds digit of n(g)?
2
Let w = -61 + 41. Suppose -5*q - 48 = 82. Let d = w - q. What is the units digit of d?
6
What is the hundreds digit of (-6)/(-3) + 9 + -10 + (-26320)/(-2)?
1
Let w be ((-70)/(-25))/(6/15). Suppose 0 = w*j - 19 - 16. Suppose -j*h = -2*h - 153. What is the units digit of h?
1
Let f be 3 + 1 - (-7 - (1 - 12)). Suppose -h + 2*b + 46 = -f*b, 5*h - 3*b = 195. What is the tens digit of h?
3
Let l(t) = 6*t**2 + 81*t + 243. What is the units digit of l(-39)?
0
Let h(y) be the first derivative of 7*y**2/2 - 16*y - 10. Let d(q) = 4*q**2 - 2. Let k be d(2). What is the tens digit of h(k)?
8
Let j be (4 - (10 + -4)) + 32. What is the tens digit of 234/(((-8)/10)/(j/(-25)))?
5
Suppose -4*y - 5*q = -296, -q - q + 150 = 2*y. Suppose 38*i = 32*i + 24. Suppose -j = -5*j + s + 350, j + i*s - y = 0. What is the units digit of j?
7
Suppose 4*q + 33*v - 30*v - 109661 = 0, -3*v = 2*q - 54829. What is the ten thousands digit of q?
2
Suppose 4*g + 250733 = 39*g + 14*g. What is the units digit of g?
7
Let o(k) = -3*k**3 + 34*k**2 - 11*k - 36. Let q be o(10). Let d = q + -154. What is the units digit of d?
0
Let f(w) = -w**2 - 9*w - 14. Let a be f(-3). Suppose n = 4*l - 253, l = a*n + 86 - 4. Suppose l + 276 = 2*i. What is the units digit of i?
9
Suppose -3*q = -3*y + 99645, -589*y + 590*y + 4*q = 33175. What is the hundreds digit of y?
2
Suppose -2 = -2*w + 4, 2*k + 2*w = -266. Let s = k - -289. What is the tens digit of s?
5
Let r(a) = a**2 + 9*a + 10. Let v be r(-4). What is the tens digit of (-9502)/v + 4/(-20)?
5
Let a(u) = 87*u + 52. Let q be (-216)/(-60) - 4/(-10). What is the hundreds digit of a(q)?
4
Suppose 49*q = -94*q + 3114111. What is the units digit of q?
7
Let i(g) = 40*g**2 + 42*g. What is the hundreds digit of i(12)?
2
Suppose 5*o - 354508 = -3*o - 20*o. What is the ten thousands digit of o?
1
Let o(y) = 443*y**2 + 2*y + 29. What is the units digit of o(9)?
0
Let j be (2 + 5 + -7)/5. Suppose f - 4*r - 564 - 215 = j, -4*f + 3086 = -r. What is the tens digit of f?
7
Suppose 120 = -26*y + 22*y. Let x be 1*(-7926)/y - (-2)/(-10). Suppose x + 328 = 4*u. What is the tens digit of u?
4
Let g be (-1)/((-4)/(-12)) - -1. Let d be g - 2*(-28)/8. Suppose -d*n = 3*u - 252 - 319, -5*n = -25. What is the units digit of u?
2
Let f(a) = 388*a**2 - 19*a - 12. Let g(v) = 387*v**2 - 17*v - 12. Let s(y) = -4*f(y) + 5*g(y). What is the hundreds digit of s(-2)?
5
Suppose -5*k + 170 = -10*a + 5*a, 0 = -2*k - 4. Let s = a + 45. Let o = 3